{"id":332,"date":"2021-06-09T13:21:01","date_gmt":"2021-06-09T11:21:01","guid":{"rendered":"https:\/\/dev.gartenpflege-immergruen.de\/?page_id=332"},"modified":"2021-06-25T15:37:17","modified_gmt":"2021-06-25T13:37:17","slug":"impressum","status":"publish","type":"page","link":"https:\/\/gartenpflege-immergruen.de\/index.php\/impressum\/","title":{"rendered":"Impressum"},"content":{"rendered":"\t\t<div data-elementor-type=\"wp-page\" data-elementor-id=\"332\" class=\"elementor elementor-332\" data-elementor-settings=\"{&quot;ha_cmc_init_switcher&quot;:&quot;no&quot;}\">\n\t\t\t\t\t\t<section class=\"elementor-section elementor-top-section elementor-element elementor-element-227fc124 elementor-section-boxed elementor-section-height-default elementor-section-height-default\" data-id=\"227fc124\" data-element_type=\"section\" data-e-type=\"section\" data-settings=\"{&quot;_ha_eqh_enable&quot;:false}\">\n\t\t\t\t\t\t<div class=\"elementor-container elementor-column-gap-default\">\n\t\t\t\t\t<div class=\"elementor-column elementor-col-50 elementor-top-column elementor-element elementor-element-45e5f5e2\" data-id=\"45e5f5e2\" data-element_type=\"column\" data-e-type=\"column\">\n\t\t\t<div class=\"elementor-widget-wrap elementor-element-populated\">\n\t\t\t\t\t\t<div class=\"elementor-element elementor-element-493d5181 elementor-widget elementor-widget-image\" data-id=\"493d5181\" data-element_type=\"widget\" data-e-type=\"widget\" data-widget_type=\"image.default\">\n\t\t\t\t<div class=\"elementor-widget-container\">\n\t\t\t\t\t\t\t\t\t\t\t\t\t\t\t\t<a href=\"http:\/\/immergruen02.ca-marketing.com\/\">\n\t\t\t\t\t\t\t<img fetchpriority=\"high\" decoding=\"async\" width=\"1318\" height=\"397\" src=\"https:\/\/gartenpflege-immergruen.de\/wp-content\/uploads\/2021\/06\/immergruen-logo.png\" class=\"attachment-full size-full wp-image-11\" alt=\"\" srcset=\"https:\/\/gartenpflege-immergruen.de\/wp-content\/uploads\/2021\/06\/immergruen-logo.png 1318w, https:\/\/gartenpflege-immergruen.de\/wp-content\/uploads\/2021\/06\/immergruen-logo-300x90.png 300w, https:\/\/gartenpflege-immergruen.de\/wp-content\/uploads\/2021\/06\/immergruen-logo-1024x308.png 1024w, https:\/\/gartenpflege-immergruen.de\/wp-content\/uploads\/2021\/06\/immergruen-logo-768x231.png 768w\" sizes=\"(max-width: 1318px) 100vw, 1318px\" \/>\t\t\t\t\t\t\t\t<\/a>\n\t\t\t\t\t\t\t\t\t\t\t\t\t\t\t<\/div>\n\t\t\t\t<\/div>\n\t\t\t\t\t<\/div>\n\t\t<\/div>\n\t\t\t\t<div class=\"elementor-column elementor-col-50 elementor-top-column elementor-element elementor-element-6f031472\" data-id=\"6f031472\" data-element_type=\"column\" data-e-type=\"column\">\n\t\t\t<div class=\"elementor-widget-wrap elementor-element-populated\">\n\t\t\t\t\t\t<section class=\"elementor-section elementor-inner-section elementor-element elementor-element-420e922b elementor-hidden-phone elementor-section-boxed elementor-section-height-default elementor-section-height-default\" data-id=\"420e922b\" data-element_type=\"section\" data-e-type=\"section\" data-settings=\"{&quot;_ha_eqh_enable&quot;:false}\">\n\t\t\t\t\t\t<div class=\"elementor-container elementor-column-gap-default\">\n\t\t\t\t\t<div class=\"elementor-column elementor-col-33 elementor-inner-column elementor-element elementor-element-7aaf3d16\" data-id=\"7aaf3d16\" data-element_type=\"column\" data-e-type=\"column\">\n\t\t\t<div class=\"elementor-widget-wrap\">\n\t\t\t\t\t\t\t<\/div>\n\t\t<\/div>\n\t\t\t\t<div class=\"elementor-column elementor-col-33 elementor-inner-column elementor-element elementor-element-61d247f7\" data-id=\"61d247f7\" data-element_type=\"column\" data-e-type=\"column\">\n\t\t\t<div class=\"elementor-widget-wrap elementor-element-populated\">\n\t\t\t\t\t\t<div class=\"elementor-element elementor-element-4ea8acb2 elementor-position-inline-start elementor-view-default elementor-mobile-position-block-start elementor-widget elementor-widget-icon-box\" data-id=\"4ea8acb2\" data-element_type=\"widget\" data-e-type=\"widget\" data-widget_type=\"icon-box.default\">\n\t\t\t\t<div class=\"elementor-widget-container\">\n\t\t\t\t\t\t\t<div class=\"elementor-icon-box-wrapper\">\n\n\t\t\t\t\t\t<div class=\"elementor-icon-box-icon\">\n\t\t\t\t<span  class=\"elementor-icon\">\n\t\t\t\t<i aria-hidden=\"true\" class=\"fas fa-phone-alt\"><\/i>\t\t\t\t<\/span>\n\t\t\t<\/div>\n\t\t\t\n\t\t\t\t\t\t<div class=\"elementor-icon-box-content\">\n\n\t\t\t\t\n\t\t\t\t\t\t\t\t\t<p class=\"elementor-icon-box-description\">\n\t\t\t\t\t\t01577 - 2859490\t\t\t\t\t<\/p>\n\t\t\t\t\n\t\t\t<\/div>\n\t\t\t\n\t\t<\/div>\n\t\t\t\t\t\t<\/div>\n\t\t\t\t<\/div>\n\t\t\t\t\t<\/div>\n\t\t<\/div>\n\t\t\t\t<div class=\"elementor-column elementor-col-33 elementor-inner-column elementor-element elementor-element-43067d5b\" data-id=\"43067d5b\" data-element_type=\"column\" data-e-type=\"column\">\n\t\t\t<div class=\"elementor-widget-wrap elementor-element-populated\">\n\t\t\t\t\t\t<div class=\"elementor-element elementor-element-7a7fcc04 elementor-position-inline-start elementor-view-default elementor-mobile-position-block-start elementor-widget elementor-widget-icon-box\" data-id=\"7a7fcc04\" data-element_type=\"widget\" data-e-type=\"widget\" data-widget_type=\"icon-box.default\">\n\t\t\t\t<div class=\"elementor-widget-container\">\n\t\t\t\t\t\t\t<div class=\"elementor-icon-box-wrapper\">\n\n\t\t\t\t\t\t<div class=\"elementor-icon-box-icon\">\n\t\t\t\t<span  class=\"elementor-icon\">\n\t\t\t\t<i aria-hidden=\"true\" class=\"fas fa-envelope\"><\/i>\t\t\t\t<\/span>\n\t\t\t<\/div>\n\t\t\t\n\t\t\t\t\t\t<div class=\"elementor-icon-box-content\">\n\n\t\t\t\t\n\t\t\t\t\t\t\t\t\t<p class=\"elementor-icon-box-description\">\n\t\t\t\t\t\tms@gartenpflege-immergruen.de\t\t\t\t\t<\/p>\n\t\t\t\t\n\t\t\t<\/div>\n\t\t\t\n\t\t<\/div>\n\t\t\t\t\t\t<\/div>\n\t\t\t\t<\/div>\n\t\t\t\t\t<\/div>\n\t\t<\/div>\n\t\t\t\t\t<\/div>\n\t\t<\/section>\n\t\t\t\t<section class=\"elementor-section elementor-inner-section elementor-element elementor-element-27c5b1ab elementor-section-boxed elementor-section-height-default elementor-section-height-default\" data-id=\"27c5b1ab\" data-element_type=\"section\" data-e-type=\"section\" data-settings=\"{&quot;_ha_eqh_enable&quot;:false}\">\n\t\t\t\t\t\t<div class=\"elementor-container elementor-column-gap-default\">\n\t\t\t\t\t<div class=\"elementor-column elementor-col-50 elementor-inner-column elementor-element elementor-element-6453213a\" data-id=\"6453213a\" data-element_type=\"column\" data-e-type=\"column\">\n\t\t\t<div class=\"elementor-widget-wrap\">\n\t\t\t\t\t\t\t<\/div>\n\t\t<\/div>\n\t\t\t\t<div class=\"elementor-column elementor-col-50 elementor-inner-column elementor-element elementor-element-6bee57d2\" data-id=\"6bee57d2\" data-element_type=\"column\" data-e-type=\"column\">\n\t\t\t<div class=\"elementor-widget-wrap elementor-element-populated\">\n\t\t\t\t\t\t<div class=\"elementor-element elementor-element-5bbfe717 elementor-widget elementor-widget-wp-widget-maxmegamenu\" data-id=\"5bbfe717\" data-element_type=\"widget\" data-e-type=\"widget\" data-widget_type=\"wp-widget-maxmegamenu.default\">\n\t\t\t\t<div class=\"elementor-widget-container\">\n\t\t\t\t\t<div id=\"mega-menu-wrap-primary-menu\" class=\"mega-menu-wrap\"><div class=\"mega-menu-toggle\"><div class=\"mega-toggle-blocks-left\"><\/div><div class=\"mega-toggle-blocks-center\"><\/div><div class=\"mega-toggle-blocks-right\"><div class='mega-toggle-block mega-menu-toggle-animated-block mega-toggle-block-0' id='mega-toggle-block-0'><button aria-controls=\"mega-menu-primary-menu\" aria-expanded=\"false\" aria-haspopup=\"true\" aria-label=\"Toggle Menu\" class=\"mega-toggle-animated mega-toggle-animated-slider\" type=\"button\">\n                  <span class=\"mega-toggle-animated-box\">\n                    <span class=\"mega-toggle-animated-inner\"><\/span>\n                  <\/span>\n                <\/button><\/div><\/div><\/div><ul id=\"mega-menu-primary-menu\" class=\"mega-menu max-mega-menu mega-menu-horizontal mega-no-js\" data-event=\"hover_intent\" data-effect=\"fade_up\" data-effect-speed=\"200\" data-effect-mobile=\"disabled\" data-effect-speed-mobile=\"0\" data-mobile-force-width=\"false\" data-second-click=\"go\" data-document-click=\"collapse\" data-vertical-behaviour=\"standard\" data-breakpoint=\"768\" data-unbind=\"true\" data-mobile-state=\"collapse_all\" data-mobile-direction=\"vertical\"><li class=\"mega-menu-item mega-menu-item-type-custom mega-menu-item-object-custom mega-menu-item-has-children mega-align-bottom-left mega-menu-flyout mega-menu-item-559\" id=\"mega-menu-item-559\"><a class=\"mega-menu-link\" href=\"#\" aria-expanded=\"false\" aria-controls=\"mega-sub-menu-559\">Dienstleistungen<span class=\"mega-indicator\" aria-hidden=\"true\"><\/span><\/a>\n<ul class=\"mega-sub-menu\" id='mega-sub-menu-559'>\n<li class=\"mega-menu-item mega-menu-item-type-post_type mega-menu-item-object-page mega-menu-item-560\" id=\"mega-menu-item-560\"><a class=\"mega-menu-link\" href=\"https:\/\/gartenpflege-immergruen.de\/index.php\/baumfaellungen\/\">Baumf\u00e4llungen<\/a><\/li><li class=\"mega-menu-item mega-menu-item-type-post_type mega-menu-item-object-page mega-menu-item-561\" id=\"mega-menu-item-561\"><a class=\"mega-menu-link\" href=\"https:\/\/gartenpflege-immergruen.de\/index.php\/baumgesundheit\/\">Baumgesundheit<\/a><\/li><li class=\"mega-menu-item mega-menu-item-type-post_type mega-menu-item-object-page mega-menu-item-562\" id=\"mega-menu-item-562\"><a class=\"mega-menu-link\" href=\"https:\/\/gartenpflege-immergruen.de\/index.php\/baumkontrolle\/\">Baumkontrolle<\/a><\/li><li class=\"mega-menu-item mega-menu-item-type-post_type mega-menu-item-object-page mega-menu-item-563\" id=\"mega-menu-item-563\"><a class=\"mega-menu-link\" href=\"https:\/\/gartenpflege-immergruen.de\/index.php\/baumpflege\/\">Baumpflege<\/a><\/li><li class=\"mega-menu-item mega-menu-item-type-post_type mega-menu-item-object-page mega-menu-item-564\" id=\"mega-menu-item-564\"><a class=\"mega-menu-link\" href=\"https:\/\/gartenpflege-immergruen.de\/index.php\/forstliche-dienstleistungen\/\">Forstliche Dienstleistungen<\/a><\/li><li class=\"mega-menu-item mega-menu-item-type-post_type mega-menu-item-object-page mega-menu-item-565\" id=\"mega-menu-item-565\"><a class=\"mega-menu-link\" href=\"https:\/\/gartenpflege-immergruen.de\/index.php\/gartenpflege\/\">Gartenpflege<\/a><\/li><li class=\"mega-menu-item mega-menu-item-type-post_type mega-menu-item-object-page mega-menu-item-566\" id=\"mega-menu-item-566\"><a class=\"mega-menu-link\" href=\"https:\/\/gartenpflege-immergruen.de\/index.php\/gruenanlagenpflege\/\">Gr\u00fcnanlagenpflege<\/a><\/li><li class=\"mega-menu-item mega-menu-item-type-post_type mega-menu-item-object-page mega-menu-item-567\" id=\"mega-menu-item-567\"><a class=\"mega-menu-link\" href=\"https:\/\/gartenpflege-immergruen.de\/index.php\/haeckselarbeiten\/\">H\u00e4ckselarbeiten<\/a><\/li><li class=\"mega-menu-item mega-menu-item-type-post_type mega-menu-item-object-page mega-menu-item-569\" id=\"mega-menu-item-569\"><a class=\"mega-menu-link\" href=\"https:\/\/gartenpflege-immergruen.de\/index.php\/komplettpflege-gestaltungsarbeiten\/\">Komplettpflege &#038; Gestaltungsarbeiten<\/a><\/li><li class=\"mega-menu-item mega-menu-item-type-post_type mega-menu-item-object-page mega-menu-item-570\" id=\"mega-menu-item-570\"><a class=\"mega-menu-link\" href=\"https:\/\/gartenpflege-immergruen.de\/index.php\/risikofaellung\/\">Risikof\u00e4llung<\/a><\/li><li class=\"mega-menu-item mega-menu-item-type-post_type mega-menu-item-object-page mega-menu-item-571\" id=\"mega-menu-item-571\"><a class=\"mega-menu-link\" href=\"https:\/\/gartenpflege-immergruen.de\/index.php\/sturmschaedenbeseitigung\/\">Sturmsch\u00e4denbeseitigung<\/a><\/li><li class=\"mega-menu-item mega-menu-item-type-post_type mega-menu-item-object-page mega-menu-item-568\" id=\"mega-menu-item-568\"><a class=\"mega-menu-link\" href=\"https:\/\/gartenpflege-immergruen.de\/index.php\/hecke-gehoelzschnitt\/\">Hecke &#038; Geh\u00f6lzschnitt<\/a><\/li><\/ul>\n<\/li><li class=\"mega-menu-item mega-menu-item-type-post_type mega-menu-item-object-page mega-align-bottom-left mega-menu-flyout mega-menu-item-573\" id=\"mega-menu-item-573\"><a class=\"mega-menu-link\" href=\"https:\/\/gartenpflege-immergruen.de\/index.php\/referenzen\/\">Referenzen<\/a><\/li><li class=\"mega-menu-item mega-menu-item-type-post_type mega-menu-item-object-page mega-align-bottom-left mega-menu-flyout mega-menu-item-572\" id=\"mega-menu-item-572\"><a class=\"mega-menu-link\" href=\"https:\/\/gartenpflege-immergruen.de\/index.php\/gartenkalender\/\">Gartenkalender<\/a><\/li><li class=\"mega-menu-item mega-menu-item-type-post_type mega-menu-item-object-page mega-align-bottom-left mega-menu-flyout mega-menu-item-574\" id=\"mega-menu-item-574\"><a class=\"mega-menu-link\" href=\"https:\/\/gartenpflege-immergruen.de\/index.php\/kontakt\/\">Kontakt<\/a><\/li><\/ul><\/div>\t\t\t\t<\/div>\n\t\t\t\t<\/div>\n\t\t\t\t\t<\/div>\n\t\t<\/div>\n\t\t\t\t\t<\/div>\n\t\t<\/section>\n\t\t\t\t\t<\/div>\n\t\t<\/div>\n\t\t\t\t\t<\/div>\n\t\t<\/section>\n\t\t\t\t<section class=\"elementor-section elementor-top-section elementor-element elementor-element-7b730d1 elementor-section-boxed elementor-section-height-default elementor-section-height-default\" data-id=\"7b730d1\" data-element_type=\"section\" data-e-type=\"section\" data-settings=\"{&quot;_ha_eqh_enable&quot;:false}\">\n\t\t\t\t\t\t<div class=\"elementor-container elementor-column-gap-default\">\n\t\t\t\t\t<div class=\"elementor-column elementor-col-100 elementor-top-column elementor-element elementor-element-49645dee\" data-id=\"49645dee\" data-element_type=\"column\" data-e-type=\"column\">\n\t\t\t<div class=\"elementor-widget-wrap elementor-element-populated\">\n\t\t\t\t\t\t<div class=\"elementor-element elementor-element-72370b20 elementor-widget elementor-widget-spacer\" data-id=\"72370b20\" data-element_type=\"widget\" data-e-type=\"widget\" data-widget_type=\"spacer.default\">\n\t\t\t\t<div class=\"elementor-widget-container\">\n\t\t\t\t\t\t\t<div class=\"elementor-spacer\">\n\t\t\t<div class=\"elementor-spacer-inner\"><\/div>\n\t\t<\/div>\n\t\t\t\t\t\t<\/div>\n\t\t\t\t<\/div>\n\t\t\t\t\t<\/div>\n\t\t<\/div>\n\t\t\t\t\t<\/div>\n\t\t<\/section>\n\t\t\t\t<section class=\"elementor-section elementor-top-section elementor-element elementor-element-6e7f2870 elementor-section-boxed elementor-section-height-default elementor-section-height-default\" data-id=\"6e7f2870\" data-element_type=\"section\" data-e-type=\"section\" data-settings=\"{&quot;_ha_eqh_enable&quot;:false}\">\n\t\t\t\t\t\t<div class=\"elementor-container elementor-column-gap-default\">\n\t\t\t\t\t<div class=\"elementor-column elementor-col-100 elementor-top-column elementor-element elementor-element-919ff7f\" data-id=\"919ff7f\" data-element_type=\"column\" data-e-type=\"column\">\n\t\t\t<div class=\"elementor-widget-wrap elementor-element-populated\">\n\t\t\t\t\t\t<div class=\"elementor-element elementor-element-6b781a6f elementor-widget elementor-widget-spacer\" data-id=\"6b781a6f\" data-element_type=\"widget\" data-e-type=\"widget\" data-widget_type=\"spacer.default\">\n\t\t\t\t<div class=\"elementor-widget-container\">\n\t\t\t\t\t\t\t<div class=\"elementor-spacer\">\n\t\t\t<div class=\"elementor-spacer-inner\"><\/div>\n\t\t<\/div>\n\t\t\t\t\t\t<\/div>\n\t\t\t\t<\/div>\n\t\t\t\t<div class=\"elementor-element elementor-element-695932d1 elementor-widget elementor-widget-heading\" data-id=\"695932d1\" data-element_type=\"widget\" data-e-type=\"widget\" data-widget_type=\"heading.default\">\n\t\t\t\t<div class=\"elementor-widget-container\">\n\t\t\t\t\t<h1 class=\"elementor-heading-title elementor-size-default\">Impressum<\/h1>\t\t\t\t<\/div>\n\t\t\t\t<\/div>\n\t\t\t\t\t<\/div>\n\t\t<\/div>\n\t\t\t\t\t<\/div>\n\t\t<\/section>\n\t\t\t\t<section class=\"elementor-section elementor-top-section elementor-element elementor-element-3f61ef35 elementor-section-boxed elementor-section-height-default elementor-section-height-default\" data-id=\"3f61ef35\" data-element_type=\"section\" data-e-type=\"section\" data-settings=\"{&quot;_ha_eqh_enable&quot;:false}\">\n\t\t\t\t\t\t<div class=\"elementor-container elementor-column-gap-default\">\n\t\t\t\t\t<div class=\"elementor-column elementor-col-50 elementor-top-column elementor-element elementor-element-299c702d\" data-id=\"299c702d\" data-element_type=\"column\" data-e-type=\"column\">\n\t\t\t<div class=\"elementor-widget-wrap elementor-element-populated\">\n\t\t\t\t\t\t<div class=\"elementor-element elementor-element-149739b1 elementor-widget elementor-widget-text-editor\" data-id=\"149739b1\" data-element_type=\"widget\" data-e-type=\"widget\" data-widget_type=\"text-editor.default\">\n\t\t\t\t<div class=\"elementor-widget-container\">\n\t\t\t\t\t\t\t\t\t<h3>Angaben gem\u00e4\u00df \u00a7 5 TMG:<\/h3>\nBaum- und Gartenpflege Immergr\u00fcn\nMarcel Schandua\nUnterdorfstra\u00dfe 6\n65623 Netzbach\n<h3>Kontakt:<\/h3>\nTelefon: 01577 &#8211; 2859490\nE-Mail:\u00a0<span id=\"cloak9fbfce496d12b41dc1e7e3a05307917c\"><a href=\"mailto:ms@gartenpflege-immergruen.de\" style=\"color:#86BC24\">ms@gartenpflege-immergruen.de<\/a><\/span>\t\t\t\t\t\t\t\t<\/div>\n\t\t\t\t<\/div>\n\t\t\t\t\t<\/div>\n\t\t<\/div>\n\t\t\t\t<div class=\"elementor-column elementor-col-50 elementor-top-column elementor-element elementor-element-246c703d\" data-id=\"246c703d\" data-element_type=\"column\" data-e-type=\"column\">\n\t\t\t<div class=\"elementor-widget-wrap elementor-element-populated\">\n\t\t\t\t\t\t<div class=\"elementor-element elementor-element-32555c95 elementor-widget elementor-widget-text-editor\" data-id=\"32555c95\" data-element_type=\"widget\" data-e-type=\"widget\" data-widget_type=\"text-editor.default\">\n\t\t\t\t<div class=\"elementor-widget-container\">\n\t\t\t\t\t\t\t\t\t<h3>Umsatzsteuer-ID:<\/h3>\nUmsatzsteuer-Identifikationsnummer gem\u00e4\u00df \u00a727 a Umsatzsteuergesetz:\nDE542967390\n<h3>Fotografien:<\/h3>\nAlle Fotos dieser Website sind urheberrechtlich gesch\u00fctzt und d\u00fcrfen ohne ausdr\u00fcckliche Genehmigung nicht anderweitig verwendet oder ver\u00f6ffentlicht werden.\n\nTitelbild &#8222;Baumf\u00e4llung&#8220;: Photo by\u00a0<a href=\"https:\/\/unsplash.com\/photos\/qcCHZLdsS80?utm_source=unsplash&amp;utm_medium=referral&amp;utm_content=creditCopyText\" style=\"color:#86BC24\">Markus Spiske<\/a>\u00a0on\u00a0<a href=\"https:\/\/unsplash.com\/search\/photos\/tree-felling?utm_source=unsplash&amp;utm_medium=referral&amp;utm_content=creditCopyText\" style=\"color:#86BC24\">Unsplash<\/a>\t\t\t\t\t\t\t\t<\/div>\n\t\t\t\t<\/div>\n\t\t\t\t\t<\/div>\n\t\t<\/div>\n\t\t\t\t\t<\/div>\n\t\t<\/section>\n\t\t\t\t<section class=\"elementor-section elementor-top-section elementor-element elementor-element-5183d1ea elementor-section-boxed elementor-section-height-default elementor-section-height-default\" data-id=\"5183d1ea\" data-element_type=\"section\" data-e-type=\"section\" data-settings=\"{&quot;_ha_eqh_enable&quot;:false}\">\n\t\t\t\t\t\t<div class=\"elementor-container elementor-column-gap-default\">\n\t\t\t\t\t<div class=\"elementor-column elementor-col-100 elementor-top-column elementor-element elementor-element-b1891f4\" data-id=\"b1891f4\" data-element_type=\"column\" data-e-type=\"column\">\n\t\t\t<div class=\"elementor-widget-wrap elementor-element-populated\">\n\t\t\t\t\t\t<div class=\"elementor-element elementor-element-6473971e elementor-widget elementor-widget-spacer\" data-id=\"6473971e\" data-element_type=\"widget\" data-e-type=\"widget\" data-widget_type=\"spacer.default\">\n\t\t\t\t<div class=\"elementor-widget-container\">\n\t\t\t\t\t\t\t<div class=\"elementor-spacer\">\n\t\t\t<div class=\"elementor-spacer-inner\"><\/div>\n\t\t<\/div>\n\t\t\t\t\t\t<\/div>\n\t\t\t\t<\/div>\n\t\t\t\t\t<\/div>\n\t\t<\/div>\n\t\t\t\t\t<\/div>\n\t\t<\/section>\n\t\t\t\t<section class=\"elementor-section elementor-top-section elementor-element elementor-element-49eed48b elementor-section-boxed elementor-section-height-default elementor-section-height-default\" data-id=\"49eed48b\" data-element_type=\"section\" data-e-type=\"section\" data-settings=\"{&quot;background_background&quot;:&quot;classic&quot;,&quot;_ha_eqh_enable&quot;:false}\">\n\t\t\t\t\t\t<div class=\"elementor-container elementor-column-gap-default\">\n\t\t\t\t\t<div class=\"elementor-column elementor-col-100 elementor-top-column elementor-element elementor-element-5b24603a\" data-id=\"5b24603a\" data-element_type=\"column\" data-e-type=\"column\">\n\t\t\t<div class=\"elementor-widget-wrap elementor-element-populated\">\n\t\t\t\t\t\t<section class=\"elementor-section elementor-inner-section elementor-element elementor-element-3412b8e9 elementor-section-full_width elementor-section-height-default elementor-section-height-default\" data-id=\"3412b8e9\" data-element_type=\"section\" data-e-type=\"section\" data-settings=\"{&quot;_ha_eqh_enable&quot;:false}\">\n\t\t\t\t\t\t<div class=\"elementor-container elementor-column-gap-default\">\n\t\t\t\t\t<div class=\"elementor-column elementor-col-50 elementor-inner-column elementor-element elementor-element-122a958d\" data-id=\"122a958d\" data-element_type=\"column\" data-e-type=\"column\">\n\t\t\t<div class=\"elementor-widget-wrap elementor-element-populated\">\n\t\t\t\t\t\t<div class=\"elementor-element elementor-element-53c2dd36 elementor-hidden-phone elementor-widget elementor-widget-image\" data-id=\"53c2dd36\" data-element_type=\"widget\" data-e-type=\"widget\" data-widget_type=\"image.default\">\n\t\t\t\t<div class=\"elementor-widget-container\">\n\t\t\t\t\t\t\t\t\t\t\t\t\t\t\t<img decoding=\"async\" width=\"300\" height=\"90\" src=\"https:\/\/gartenpflege-immergruen.de\/wp-content\/uploads\/2021\/06\/immergruen-logo-white-300x90.png\" class=\"attachment-medium size-medium wp-image-12\" alt=\"\" srcset=\"https:\/\/gartenpflege-immergruen.de\/wp-content\/uploads\/2021\/06\/immergruen-logo-white-300x90.png 300w, https:\/\/gartenpflege-immergruen.de\/wp-content\/uploads\/2021\/06\/immergruen-logo-white-1024x308.png 1024w, https:\/\/gartenpflege-immergruen.de\/wp-content\/uploads\/2021\/06\/immergruen-logo-white-768x231.png 768w, https:\/\/gartenpflege-immergruen.de\/wp-content\/uploads\/2021\/06\/immergruen-logo-white.png 1318w\" sizes=\"(max-width: 300px) 100vw, 300px\" \/>\t\t\t\t\t\t\t\t\t\t\t\t\t\t\t<\/div>\n\t\t\t\t<\/div>\n\t\t\t\t<div class=\"elementor-element elementor-element-6c97ba7e elementor-hidden-desktop elementor-hidden-tablet elementor-widget elementor-widget-image\" data-id=\"6c97ba7e\" data-element_type=\"widget\" data-e-type=\"widget\" data-widget_type=\"image.default\">\n\t\t\t\t<div class=\"elementor-widget-container\">\n\t\t\t\t\t\t\t\t\t\t\t\t\t\t\t<img decoding=\"async\" width=\"1318\" height=\"397\" src=\"https:\/\/gartenpflege-immergruen.de\/wp-content\/uploads\/2021\/06\/immergruen-logo-white.png\" class=\"attachment-full size-full wp-image-12\" alt=\"\" srcset=\"https:\/\/gartenpflege-immergruen.de\/wp-content\/uploads\/2021\/06\/immergruen-logo-white.png 1318w, https:\/\/gartenpflege-immergruen.de\/wp-content\/uploads\/2021\/06\/immergruen-logo-white-300x90.png 300w, https:\/\/gartenpflege-immergruen.de\/wp-content\/uploads\/2021\/06\/immergruen-logo-white-1024x308.png 1024w, https:\/\/gartenpflege-immergruen.de\/wp-content\/uploads\/2021\/06\/immergruen-logo-white-768x231.png 768w\" sizes=\"(max-width: 1318px) 100vw, 1318px\" \/>\t\t\t\t\t\t\t\t\t\t\t\t\t\t\t<\/div>\n\t\t\t\t<\/div>\n\t\t\t\t\t<\/div>\n\t\t<\/div>\n\t\t\t\t<div class=\"elementor-column elementor-col-50 elementor-inner-column elementor-element elementor-element-34ef4294\" data-id=\"34ef4294\" data-element_type=\"column\" data-e-type=\"column\">\n\t\t\t<div class=\"elementor-widget-wrap elementor-element-populated\">\n\t\t\t\t\t\t<div class=\"elementor-element elementor-element-2a3fa855 elementor-widget elementor-widget-text-editor\" data-id=\"2a3fa855\" data-element_type=\"widget\" data-e-type=\"widget\" data-widget_type=\"text-editor.default\">\n\t\t\t\t<div class=\"elementor-widget-container\">\n\t\t\t\t\t\t\t\t\t<p>Marcel Schandua | Unterdorfstra\u00dfe 6, 65623 Netzbach | Tfn.: 01577 2859490<\/p>\t\t\t\t\t\t\t\t<\/div>\n\t\t\t\t<\/div>\n\t\t\t\t<div class=\"elementor-element elementor-element-47d4cb3c elementor-widget elementor-widget-text-editor\" data-id=\"47d4cb3c\" data-element_type=\"widget\" data-e-type=\"widget\" data-widget_type=\"text-editor.default\">\n\t\t\t\t<div class=\"elementor-widget-container\">\n\t\t\t\t\t\t\t\t\t<a style=\"color: white;\" href=\"https:\/\/gartenpflege-immergruen.de\/index.php\/impressum\/\">Impressum<\/a> | <a style=\"color: white;\" href=\"https:\/\/gartenpflege-immergruen.de\/index.php\/datenschutz\/\">Datenschutz<\/a> | <a style=\"color: white;\" href=\"https:\/\/gartenpflege-immergruen.de\/index.php\/haftungsausschluss\/\">Haftungsausschluss<\/a> | <a style=\"color: white;\" href=\"https:\/\/gartenpflege-immergruen.de\/index.php\/cookie-richtlinie-eu\/\">EU-Cookie Richtlinien<\/a>\t\t\t\t\t\t\t\t<\/div>\n\t\t\t\t<\/div>\n\t\t\t\t\t<\/div>\n\t\t<\/div>\n\t\t\t\t\t<\/div>\n\t\t<\/section>\n\t\t\t\t\t<\/div>\n\t\t<\/div>\n\t\t\t\t\t<\/div>\n\t\t<\/section>\n\t\t\t\t<\/div>\n\t\t","protected":false},"excerpt":{"rendered":"<p>01577 &#8211; 2859490 ms@gartenpflege-immergruen.de Impressum Angaben gem\u00e4\u00df \u00a7 5 TMG: Baum- und Gartenpflege Immergr\u00fcn Marcel Schandua Unterdorfstra\u00dfe 6 65623 Netzbach Kontakt: Telefon: 01577 &#8211; 2859490 E-Mail:\u00a0ms@gartenpflege-immergruen.de Umsatzsteuer-ID: Umsatzsteuer-Identifikationsnummer gem\u00e4\u00df \u00a727 a Umsatzsteuergesetz: DE542967390 Fotografien: Alle Fotos dieser Website sind urheberrechtlich gesch\u00fctzt und d\u00fcrfen ohne ausdr\u00fcckliche Genehmigung nicht anderweitig verwendet oder ver\u00f6ffentlicht werden. Titelbild &#8222;Baumf\u00e4llung&#8220;: PhotoContinue reading &rarr;<\/p>\n","protected":false},"author":2,"featured_media":0,"parent":0,"menu_order":0,"comment_status":"closed","ping_status":"closed","template":"elementor_canvas","meta":{"footnotes":""},"class_list":["post-332","page","type-page","status-publish","hentry","no-thumb"],"_links":{"self":[{"href":"https:\/\/gartenpflege-immergruen.de\/index.php\/wp-json\/wp\/v2\/pages\/332","targetHints":{"allow":["GET"]}}],"collection":[{"href":"https:\/\/gartenpflege-immergruen.de\/index.php\/wp-json\/wp\/v2\/pages"}],"about":[{"href":"https:\/\/gartenpflege-immergruen.de\/index.php\/wp-json\/wp\/v2\/types\/page"}],"author":[{"embeddable":true,"href":"https:\/\/gartenpflege-immergruen.de\/index.php\/wp-json\/wp\/v2\/users\/2"}],"replies":[{"embeddable":true,"href":"https:\/\/gartenpflege-immergruen.de\/index.php\/wp-json\/wp\/v2\/comments?post=332"}],"version-history":[{"count":10,"href":"https:\/\/gartenpflege-immergruen.de\/index.php\/wp-json\/wp\/v2\/pages\/332\/revisions"}],"predecessor-version":[{"id":634,"href":"https:\/\/gartenpflege-immergruen.de\/index.php\/wp-json\/wp\/v2\/pages\/332\/revisions\/634"}],"wp:attachment":[{"href":"https:\/\/gartenpflege-immergruen.de\/index.php\/wp-json\/wp\/v2\/media?parent=332"}],"curies":[{"name":"wp","href":"https:\/\/api.w.org\/{rel}","templated":true}]}}